{"id":39,"date":"2024-05-04T19:19:01","date_gmt":"2024-05-04T17:19:01","guid":{"rendered":"http:\/\/www.josepbou.com\/?page_id=39"},"modified":"2026-04-20T12:58:24","modified_gmt":"2026-04-20T10:58:24","slug":"biografia-2","status":"publish","type":"page","link":"https:\/\/www.josepbou.com\/?page_id=39&lang=ca","title":{"rendered":"Biografia"},"content":{"rendered":"<div class=\"wpb-content-wrapper\">[vc_row][vc_column][vc_column_text]\n<p align=\"justify\"><span style=\"font-family: Verdana, serif;\"><span style=\"font-size: medium;\"><span style=\"color: #000000;\"><span style=\"font-family: Arial, serif;\"><span lang=\"ca-ES\"><b>Josep Bou Farreras<\/b><\/span><\/span><\/span><span style=\"color: #000000;\"><span style=\"font-family: Arial, serif;\"><span lang=\"ca-ES\">. Igualada 1950. <\/span><\/span><\/span><\/span><\/span><\/p>\n<p class=\"western\" align=\"justify\"><span style=\"color: #000000;\"><span style=\"font-size: medium;\"><span lang=\"es-ES\">Part de la seva formaci\u00f3 fotogr\u00e0fica t\u00e9 lloc a B\u00e8lgica. Ha treballat gaireb\u00e9 en totes les especialitats que engloba la fotografia i el pas per totes elles l\u2019ha enriquit i beneficiat a l\u2019hora de construir la seva pr\u00f2pia identitat fotogr\u00e0fica. <\/span><\/span><\/span><\/p>\n<p class=\"western\" align=\"justify\"><span style=\"color: #000000;\"><span style=\"font-size: medium;\"><span lang=\"es-ES\">Fou membre fundador de la AFP (Associaci\u00f3 de Fot\u00f2grafs Professionals de Moda i Publicitat d\u2019Espanya). Director de fotografia en espots publicitaris i videoclips. Ha col\u00b7laborat amb les escoles de fotografia m\u00e9s prestigioses de Barcelona i Madrid, i la seva tasca com a docent en tallers, <em>masters class<\/em>, potencies i col\u00b7loquis \u00e9s ben coneguda. Dels nombrosos premis nacionals i internacionals cal destacar la Medalla d\u2019Or del Festival de Nova York. \u00c9s el creador i director de la Trobada Fotogr\u00e0fica Passanant Foto, un referent en el m\u00f3n dels esdeveniments fotogr\u00e0fics. Va impulsar, dirigir i coordinar la col\u00b7lecci\u00f3 de llibres fotogr\u00e0fics <em>PassFOTO 13&#215;18<\/em> sobre la Conca de Barber\u00e0. T\u00e9 publicats vint-i-dos llibres d\u2019autor i dos d\u2019artista. Compta amb m\u00e9s de cent exposicions individuals i col\u00b7lectives realitzades i les seves intervencions fotogr\u00e0fiques s\u00f3n ben conegudes, aix\u00ed com els projectes que ha desenvolupat \u00fanicament i exclusiva en format <em>online<\/em><\/span><\/span><\/span><span style=\"color: #000000;\"><span style=\"font-size: medium;\"><span lang=\"es-ES\"><i>.<\/i><\/span><\/span><\/span><\/p>\n[\/vc_column_text][\/vc_column][\/vc_row]\n<\/div>","protected":false},"excerpt":{"rendered":"<p>[vc_row][vc_column][vc_column_text] Josep Bou Farreras. Igualada 1950. Part de la seva formaci\u00f3 fotogr\u00e0fica t\u00e9 lloc a B\u00e8lgica. Ha treballat gaireb\u00e9 en totes les especialitats que engloba la fotografia i el pas per totes elles l\u2019ha enriquit i beneficiat a l\u2019hora de construir la seva pr\u00f2pia identitat fotogr\u00e0fica. Fou membre fundador de la AFP (Associaci\u00f3 de Fot\u00f2grafs&hellip;<\/p>\n","protected":false},"author":1,"featured_media":0,"parent":0,"menu_order":0,"comment_status":"closed","ping_status":"closed","template":"","meta":{"footnotes":""},"class_list":["post-39","page","type-page","status-publish","hentry","entry","no-media"],"_links":{"self":[{"href":"https:\/\/www.josepbou.com\/index.php?rest_route=\/wp\/v2\/pages\/39","targetHints":{"allow":["GET"]}}],"collection":[{"href":"https:\/\/www.josepbou.com\/index.php?rest_route=\/wp\/v2\/pages"}],"about":[{"href":"https:\/\/www.josepbou.com\/index.php?rest_route=\/wp\/v2\/types\/page"}],"author":[{"embeddable":true,"href":"https:\/\/www.josepbou.com\/index.php?rest_route=\/wp\/v2\/users\/1"}],"replies":[{"embeddable":true,"href":"https:\/\/www.josepbou.com\/index.php?rest_route=%2Fwp%2Fv2%2Fcomments&post=39"}],"version-history":[{"count":9,"href":"https:\/\/www.josepbou.com\/index.php?rest_route=\/wp\/v2\/pages\/39\/revisions"}],"predecessor-version":[{"id":2403,"href":"https:\/\/www.josepbou.com\/index.php?rest_route=\/wp\/v2\/pages\/39\/revisions\/2403"}],"wp:attachment":[{"href":"https:\/\/www.josepbou.com\/index.php?rest_route=%2Fwp%2Fv2%2Fmedia&parent=39"}],"curies":[{"name":"wp","href":"https:\/\/api.w.org\/{rel}","templated":true}]}}

<div class="wpb-content-wrapper">[vc_row][vc_column][vc_column_text]
<p align="justify"><span style="font-family: Verdana, serif;"><span style="font-size: medium;"><span style="color: #000000;"><span style="font-family: Arial, serif;"><span lang="ca-ES"><b>Josep Bou Farreras</b></span></span></span><span style="color: #000000;"><span style="font-family: Arial, serif;"><span lang="ca-ES">. Igualada 1950. </span></span></span></span></span></p>
<p class="western" align="justify"><span style="color: #000000;"><span style="font-size: medium;"><span lang="es-ES">Part de la seva formació fotogràfica té lloc a Bèlgica. Ha treballat gairebé en totes les especialitats que engloba la fotografia i el pas per totes elles l’ha enriquit i beneficiat a l’hora de construir la seva pròpia identitat fotogràfica. </span></span></span></p>
<p class="western" align="justify"><span style="color: #000000;"><span style="font-size: medium;"><span lang="es-ES">Fou membre fundador de la AFP (Associació de Fotògrafs Professionals de Moda i Publicitat d’Espanya). Director de fotografia en espots publicitaris i videoclips. Ha col·laborat amb les escoles de fotografia més prestigioses de Barcelona i Madrid, i la seva tasca com a docent en tallers, <em>masters class</em>, potencies i col·loquis és ben coneguda. Dels nombrosos premis nacionals i internacionals cal destacar la Medalla d’Or del Festival de Nova York. És el creador i director de la Trobada Fotogràfica Passanant Foto, un referent en el món dels esdeveniments fotogràfics. Va impulsar, dirigir i coordinar la col·lecció de llibres fotogràfics <em>PassFOTO 13&#215;18</em> sobre la Conca de Barberà. Té publicats vint-i-dos llibres d’autor i dos d’artista. Compta amb més de cent exposicions individuals i col·lectives realitzades i les seves intervencions fotogràfiques són ben conegudes, així com els projectes que ha desenvolupat únicament i exclusiva en format <em>online</em></span></span></span><span style="color: #000000;"><span style="font-size: medium;"><span lang="es-ES"><i>.</i></span></span></span></p>
[/vc_column_text][/vc_column][/vc_row]
</div>

<p>[vc_row][vc_column][vc_column_text] Josep Bou Farreras. Igualada 1950. Part de la seva formació fotogràfica té lloc a Bèlgica. Ha treballat gairebé en totes les especialitats que engloba la fotografia i el pas per totes elles l’ha enriquit i beneficiat a l’hora de construir la seva pròpia identitat fotogràfica. Fou membre fundador de la AFP (Associació de Fotògrafs&hellip;</p>
