{"id":13,"date":"2024-05-04T19:01:53","date_gmt":"2024-05-04T17:01:53","guid":{"rendered":"http:\/\/www.josepbou.com\/?page_id=13"},"modified":"2026-04-20T12:58:56","modified_gmt":"2026-04-20T10:58:56","slug":"biografia","status":"publish","type":"page","link":"https:\/\/www.josepbou.com\/?page_id=13","title":{"rendered":"Biograf\u00eda"},"content":{"rendered":"<div class=\"wpb-content-wrapper\">[vc_row][vc_column][vc_column_text]\n<p align=\"justify\"><span style=\"font-family: Verdana, serif;\"><span style=\"font-size: medium;\"><span style=\"color: #000000;\"><span style=\"font-family: Arial, serif;\"><span lang=\"ca-ES\"><b>Josep Bou Farreras<\/b><\/span><\/span><\/span><span style=\"color: #000000;\"><span style=\"font-family: Arial, serif;\"><span lang=\"ca-ES\">. Igualada 1950. <\/span><\/span><\/span><\/span><\/span><\/p>\n<p class=\"western\" align=\"justify\"><span style=\"color: #000000;\"><span style=\"font-size: medium;\"><span lang=\"es-ES\">Parte de su formaci\u00f3n fotogr\u00e1fica tiene lugar en B\u00e9lgica. Ha trabajado cas\u00ed en todas las especialidades que abarca la fotograf\u00eda y su paso por todas ellas le han enriquecido y beneficiado en el momento de construir su propia identidad fotogr\u00e1fica. <\/span><\/span><\/span><\/p>\n<p class=\"western\" align=\"justify\"><span style=\"color: #000000;\"><span style=\"font-size: medium;\"><span lang=\"es-ES\">Fue fundador de la AFP (Asociaci\u00f3n de Fot\u00f3grafos Profesionales de Moda y Publicidad de Espa\u00f1a). Director de fotograf\u00eda en spots publicitarios y videoclips. Ha colaborado con les escuelas de fotograf\u00eda m\u00e1s prestigiosas de Barcelona y Madrid y su labor como docente en talleres, <\/span><\/span><\/span><span style=\"color: #000000;\"><span style=\"font-size: medium;\"><span lang=\"es-ES\"><i>masters class<\/i><\/span><\/span><\/span><span style=\"color: #000000;\"><span style=\"font-size: medium;\"><span lang=\"es-ES\">, ponencias y coloquios es bien conocida. De los numerosos premios nacionales e internacionales hay que destacar la Medalla de Oro del Festival de Nueva York. Es el creador y director de la Trobada Fotogr\u00e0fica Passanant Foto, un referente en el mundo de los acontecimientos fotogr\u00e1ficos de nuestro pa\u00eds. Impuls\u00f3, dirigi\u00f3 y coordin\u00f3 la colecci\u00f3n de libros fotogr\u00e1ficos <\/span><\/span><\/span><span style=\"color: #000000;\"><span style=\"font-size: medium;\"><span lang=\"es-ES\"><i>PassFOTO 13&#215;1<\/i><\/span><\/span><\/span><span style=\"color: #000000;\"><span style=\"font-size: medium;\"><span lang=\"es-ES\">8 sobre la Conca de Barber\u00e0. <\/span><\/span><\/span><span style=\"color: #000000;\"><span style=\"font-size: medium;\"><span lang=\"es-ES\">Tiene publicados veintidos libros de autor y dos de artista.<\/span><\/span><\/span><span style=\"color: #000000;\"><span style=\"font-size: medium;\"><span lang=\"es-ES\"> Cuenta con m\u00e1s de cien exposiciones individuales y colectivas realizadas y sus intervenciones fotogr\u00e1ficas son bien conocidas, as\u00ed como los proyectos que ha desarrollado \u00fanicamente y exclusivamente en formato <\/span><\/span><\/span><span style=\"color: #000000;\"><span style=\"font-size: medium;\"><span lang=\"es-ES\"><i>online. <\/i><\/span><\/span><\/span><\/p>\n[\/vc_column_text][\/vc_column][\/vc_row]\n<\/div>","protected":false},"excerpt":{"rendered":"<p>[vc_row][vc_column][vc_column_text] Josep Bou Farreras. Igualada 1950. Parte de su formaci\u00f3n fotogr\u00e1fica tiene lugar en B\u00e9lgica. Ha trabajado cas\u00ed en todas las especialidades que abarca la fotograf\u00eda y su paso por todas ellas le han enriquecido y beneficiado en el momento de construir su propia identidad fotogr\u00e1fica. Fue fundador de la AFP (Asociaci\u00f3n de Fot\u00f3grafos Profesionales&hellip;<\/p>\n","protected":false},"author":1,"featured_media":0,"parent":0,"menu_order":0,"comment_status":"closed","ping_status":"closed","template":"","meta":{"footnotes":""},"class_list":["post-13","page","type-page","status-publish","hentry","entry","no-media"],"_links":{"self":[{"href":"https:\/\/www.josepbou.com\/index.php?rest_route=\/wp\/v2\/pages\/13","targetHints":{"allow":["GET"]}}],"collection":[{"href":"https:\/\/www.josepbou.com\/index.php?rest_route=\/wp\/v2\/pages"}],"about":[{"href":"https:\/\/www.josepbou.com\/index.php?rest_route=\/wp\/v2\/types\/page"}],"author":[{"embeddable":true,"href":"https:\/\/www.josepbou.com\/index.php?rest_route=\/wp\/v2\/users\/1"}],"replies":[{"embeddable":true,"href":"https:\/\/www.josepbou.com\/index.php?rest_route=%2Fwp%2Fv2%2Fcomments&post=13"}],"version-history":[{"count":2,"href":"https:\/\/www.josepbou.com\/index.php?rest_route=\/wp\/v2\/pages\/13\/revisions"}],"predecessor-version":[{"id":2404,"href":"https:\/\/www.josepbou.com\/index.php?rest_route=\/wp\/v2\/pages\/13\/revisions\/2404"}],"wp:attachment":[{"href":"https:\/\/www.josepbou.com\/index.php?rest_route=%2Fwp%2Fv2%2Fmedia&parent=13"}],"curies":[{"name":"wp","href":"https:\/\/api.w.org\/{rel}","templated":true}]}}

Biografía

<div class="wpb-content-wrapper">[vc_row][vc_column][vc_column_text]
<p align="justify"><span style="font-family: Verdana, serif;"><span style="font-size: medium;"><span style="color: #000000;"><span style="font-family: Arial, serif;"><span lang="ca-ES"><b>Josep Bou Farreras</b></span></span></span><span style="color: #000000;"><span style="font-family: Arial, serif;"><span lang="ca-ES">. Igualada 1950. </span></span></span></span></span></p>
<p class="western" align="justify"><span style="color: #000000;"><span style="font-size: medium;"><span lang="es-ES">Parte de su formación fotográfica tiene lugar en Bélgica. Ha trabajado casí en todas las especialidades que abarca la fotografía y su paso por todas ellas le han enriquecido y beneficiado en el momento de construir su propia identidad fotográfica. </span></span></span></p>
<p class="western" align="justify"><span style="color: #000000;"><span style="font-size: medium;"><span lang="es-ES">Fue fundador de la AFP (Asociación de Fotógrafos Profesionales de Moda y Publicidad de España). Director de fotografía en spots publicitarios y videoclips. Ha colaborado con les escuelas de fotografía más prestigiosas de Barcelona y Madrid y su labor como docente en talleres, </span></span></span><span style="color: #000000;"><span style="font-size: medium;"><span lang="es-ES"><i>masters class</i></span></span></span><span style="color: #000000;"><span style="font-size: medium;"><span lang="es-ES">, ponencias y coloquios es bien conocida. De los numerosos premios nacionales e internacionales hay que destacar la Medalla de Oro del Festival de Nueva York. Es el creador y director de la Trobada Fotogràfica Passanant Foto, un referente en el mundo de los acontecimientos fotográficos de nuestro país. Impulsó, dirigió y coordinó la colección de libros fotográficos </span></span></span><span style="color: #000000;"><span style="font-size: medium;"><span lang="es-ES"><i>PassFOTO 13&#215;1</i></span></span></span><span style="color: #000000;"><span style="font-size: medium;"><span lang="es-ES">8 sobre la Conca de Barberà. </span></span></span><span style="color: #000000;"><span style="font-size: medium;"><span lang="es-ES">Tiene publicados veintidos libros de autor y dos de artista.</span></span></span><span style="color: #000000;"><span style="font-size: medium;"><span lang="es-ES"> Cuenta con más de cien exposiciones individuales y colectivas realizadas y sus intervenciones fotográficas son bien conocidas, así como los proyectos que ha desarrollado únicamente y exclusivamente en formato </span></span></span><span style="color: #000000;"><span style="font-size: medium;"><span lang="es-ES"><i>online. </i></span></span></span></p>
[/vc_column_text][/vc_column][/vc_row]
</div>

<p>[vc_row][vc_column][vc_column_text] Josep Bou Farreras. Igualada 1950. Parte de su formación fotográfica tiene lugar en Bélgica. Ha trabajado casí en todas las especialidades que abarca la fotografía y su paso por todas ellas le han enriquecido y beneficiado en el momento de construir su propia identidad fotográfica. Fue fundador de la AFP (Asociación de Fotógrafos Profesionales&hellip;</p>
